= 0. Let b = -11 + o. Let j(a) = a**3 + 2*a**2 - 2*a + 1. What is j(b)?
-2
Let l = -3 - -7. Let d(i) = 3*i + i - l - 3*i. Let j be (24/21)/(-4)*-7. What is d(j)?
-2
Let m(n) = n**2 - 5*n + 6. Let h be m(4). Let z(w) = 21*w**2 - 15*w**h + 1 + 1 + w**3. Calculate z(-6).
2
Let w(n) = -5*n + 5 + 4*n - 3. Let x(a) = -a - 2. Let b be x(-2). Suppose -3*s - s = b. Calculate w(s).
2
Let l(z) be the first derivative of -z**3/3 - 5*z**2 - 12*z + 9. Determine l(-8).
4
Let k(m) = -2 - 2*m - 2*m + 5 + 11*m + m**2. Suppose 5*t - 5 = -w - 0, 3*w + 19 = 2*t. Calculate k(w).
-7
Suppose 0 = -2*p + 62 - 64. Let o(f) = f**3 + f**2. Let t(k) = -6*k**3 - k**2 - k. Let r(m) = -o(m) - t(m). Give r(p).
-6
Let q(u) = 2*u**2 + 25*u + 12. Let r(v) = -v**2 - 13*v - 6. Let y(z) = 6*q(z) + 11*r(z). Let p(k) be the first derivative of y(k). Give p(-6).
-5
Let v(o) = o + 1. Let h be (-40)/32*(-4)/1. Give v(h).
6
Suppose -3*f - 6 = -24. Let m be 3/(3 - 21/f). Let v(i) = -i - 11. Determine v(m).
-5
Let s(k) = k**3 + 7*k**2 - 3. Let t be -6 + 7 - 4/(-2). Suppose h - 4*y + 12 = -11, 0 = -t*h + y - 25. Calculate s(h).
-3
Let m(l) = l**3 - l**2 + 1. Let g(u) = -5*u**3 - 2*u - 1. Let i be g(-1). Let y(c) = 5*c**3 + 3 - 3*c**2 + c + 2 + c. Let q(h) = i*m(h) - y(h). Determine q(3).
-5
Let q be (-28)/3*15/10. Let a(l) = l + 13. Let c be a(q). Let j(r) = -4*r - 1. Calculate j(c).
3
Let m(d) be the first derivative of 0*d - 1/8*d**4 + 3/2*d**2 + 1/120*d**6 + 1/6*d**3 - 1 - 1/20*d**5. Let f(v) be the second derivative of m(v). Give f(3).
-8
Let g(d) = d**2 - d. Let a be g(1). Suppose a*w - 2 = -w. Let x(p) = -6*p**2 - 4 - 2*p**3 + 5*p**2 + 3*p**3 - 2*p + 3. Give x(w).
-1
Let j be 0 - 0 - (-7 + 5). Suppose -5*t = -23 + 8. Let h(d) = -d - 1 + 2 - t*d. Calculate h(j).
-7
Let y(k) = -k**2 + k + 1. Let r be (-5)/((-1)/(-9)*3). Let j = -9 - r. Suppose -d = 2*d + j. Give y(d).
-5
Let t(f) = -2*f - 4. Let s be t(-3). Let u(y) = s + 0*y + 1 - y**2 - y. Let z be u(0). Let n(h) = h + 3. Give n(z).
6
Let j = 4 - 8. Suppose u - 3*p = -10, -5*u + p = -0*u - 6. Let g(d) = d - d**2 - u - 2*d - 4*d - d. Determine g(j).
6
Suppose 3*f + 3*v + 6 = v, -5*f - 2*v = 14. Let w(t) be the first derivative of t**3/3 + 5*t**2/2 + 6*t + 1. Give w(f).
2
Suppose 0*h + 3*h + 4*v - 9 = 0, 0 = h - 3*v - 3. Let f(d) be the first derivative of d**3 + 1 - 3*d + 2*d - 2*d**h. Calculate f(-1).
-4
Let w(i) = 5*i - 3. Let g(r) = -r + 1. Suppose 36 = 3*d - 0*d. Let t = -6 + d. Let b(p) = t*g(p) + w(p). What is b(0)?
3
Suppose -9*m = -7*m - 10. Let x(b) = b**3 - 3*b**2 - b + 4. Let q be x(3). Let d(i) = -4 + i + 4 - q. What is d(m)?
4
Let n(r) be the first derivative of -r**3/3 + r**2/2 + 2*r + 2. Determine n(0).
2
Let z(d) be the third derivative of 1/3*d**3 + 0 + 0*d + 1/20*d**5 + 3*d**2 - 1/8*d**4 - 1/60*d**6. What is z(2)?
-8
Let v(b) = b - 17. Let l be v(14). Let x be 7/l - (-3)/9. Let z(d) = d**2 + d - 2. Determine z(x).
0
Let c be ((-1)/7)/(2 + 144/(-63)). Let i(z) be the second derivative of c*z**2 + 1/6*z**3 + z + 0. Determine i(1).
2
Let s(a) be the third derivative of a**4/6 + 7*a**3/6 + 4*a**2. Determine s(-6).
-17
Let w(q) = q**3 - 6*q**2 + 6*q + 1. Let n be w(5). Let f = n + -2. Let r(i) = 2*i - 1. Let y(a) = 2*a - 2. Let h(p) = 2*r(p) - 3*y(p). What is h(f)?
-4
Let g be (-15)/2 + ((-6)/12)/(-1). Let h(y) = y**3 + 6*y**2 - 7*y - 1. Calculate h(g).
-1
Let n(z) = z + 2 - 3*z**2 + 3*z + 2*z**2. Let f(g) = -g**3 + 8*g**2 - g + 11. Let k be f(8). Give n(k).
5
Let j = 2 + 0. Let x(s) = j*s**2 + 2*s - 4*s**2 + s**2 - 4. Give x(3).
-7
Let g(k) = -13 + k**2 + 3*k + 0 + 7. Let q be (-26)/4 - (-1)/2. What is g(q)?
12
Let a(y) = 3*y + 1. Let r be a(-1). Let o = r - -5. Let s = o - 6. Let h(p) = -2*p + 1. Determine h(s).
7
Let x(n) = -n**3 - 3*n**2 + 3*n + 1. Let y be (-1)/((-57)/27 - -2). Let v be 3*(-6)/y - 2. Give x(v).
5
Let u(a) = -3 + 4 + 2*a + 3. What is u(-5)?
-6
Let l = 5 - 0. Let i(d) = d**3 + 13*d**2 + 13*d + 16. Let n be i(-12). Suppose l*u = n*u. Let v(z) = z + 1. Calculate v(u).
1
Let h(k) = k**2 - 8. Suppose 0 = -5*i - 3 + 18. Suppose b = -i*b. Give h(b).
-8
Let u(a) = 2*a + 6. Let q be (-12)/(0 + 3) + -1. What is u(q)?
-4
Suppose 0 = 4*m - 0*m + 8. Let g = 80 - 77. Let z = m + g. Let v(r) = 5*r**3 + r**2 - r + 1. Determine v(z).
6
Suppose -12 = -5*t - 2. Let o(j) be the third derivative of j**6/360 - j**5/40 + 5*j**4/12 - 7*j**2. Let f(a) be the second derivative of o(a). Determine f(t).
1
Let m be (-2)/(1 - 3)*0. Let q(s) = -2*s + m + s + 1. Let v = 5 - 9. Give q(v).
5
Let p(h) = h - 7. Let b be p(12). Let l = 7 - b. Let q = l + -2. Let i(u) = -u**3 + u**2 + 1. What is i(q)?
1
Let r(s) be the first derivative of s**2/2 - s + 6. What is r(-6)?
-7
Let b = -7 + 6. Let y(j) = -4 + 3 - 9*j + 8*j. What is y(b)?
0
Let n(g) = -2*g + 2. Suppose -3*p = -p - o - 7, -3*p - 5*o + 17 = 0. Give n(p).
-6
Suppose 8*b - 3*b = 0. Let f(p) be the second derivative of p**3/6 - 11*p**2/2 - p. Calculate f(b).
-11
Let n(p) = 4 - 4 - 1 + p**2 - 2*p. Let t = 39 - 36. Determine n(t).
2
Let a(h) be the first derivative of 1/3*h**3 + 1 + 2*h**2 - 3*h. Determine a(-5).
2
Let c(b) = -b**2 + 9*b + 2. Let n be c(9). Let j(s) = s**2 - 3*s + 2. Give j(n).
0
Let x(w) = -w**3 + 3*w**2 + 11*w - 2. Let v be x(5). Let b(i) = i**2 - 5*i - 1. Calculate b(v).
-7
Let w(m) = m**2 + 2*m + 3*m - 2*m - 5. Calculate w(-4).
-1
Suppose 5*d - 2*l + 4*l = 1, -3*d + 11 = -4*l. Let y be 4 - (-3)/(-3)*d. Let r(i) = -9 - 4*i + 10 + i. Give r(y).
-8
Let c(t) = t - 5. Let z be -3 + 0 - -12 - 3. Determine c(z).
1
Suppose 4*t = 5*l + 12, t = -2*l - l + 3. Suppose -10 = -2*r - l*r, 5*r - 25 = b. Suppose b = 2*m - 4 - 4. Let q(y) = -y + 7. What is q(m)?
3
Let a = 0 - -2. Let z(y) = a - 4*y + 7 + 0*y + 2*y. Determine z(6).
-3
Let v(m) = -3*m + 1. Let s = -35 - -19. Let t be s/7 + (-8)/(-28). Let u = t + 5. What is v(u)?
-8
Let q(f) be the first derivative of -f**4/4 + f**3 + 2*f**2 - 2*f - 1. Let s be 2 + (0 - 0) + 1. Determine q(s).
10
Let x(p) = 4*p + 4. Let f(k) = 2*k - 20. Let j be f(8). Give x(j).
-12
Suppose 2*c + 16 = -5*u, -5*c = 5*u + 8 + 2. Suppose 3*n = l + 9, -13 = l - 5*n + n. Let v(j) = 2*j**2 - l*j + j + j**3 - j. Give v(c).
10
Let a(t) = -7*t**3 - t**2 + t + 1. Let h = -126 - -125. What is a(h)?
6
Let o(g) = -g. Let q(t) = -t. Let s(c) = -5*o(c) + 4*q(c). What is s(-1)?
-1
Let i(b) = -b + 5. Suppose -5*k = 6*k - 88. Give i(k).
-3
Let c(u) = -u**2 - 5*u - 5. Let j be c(-2). Let k(p) = -16*p**3 + 2*p**2 - 2*p + 1. Give k(j).
-15
Let k(b) = 4 + b**3 + 4*b**2 + 6*b - b**2 + 3*b**2. Let g(c) be the first derivative of -c**3/3 - c**2/2 - 9. Let v(x) = -2*g(x) - k(x). Determine v(-3).
-1
Let c(w) = 15*w - 1. Let n be c(1). Suppose n = -3*x - 1. Let u(i) = 4 - 3 - i - 3. Give u(x).
3
Let l(g) = -3*g**2 - 4*g + 5. Let w(d) = 4*d**2 + 4*d - 6. Let a(f) = 5*l(f) + 4*w(f). Give a(4).
1
Let k(m) = -m**3 - 3*m**2 + 6*m + 10. Let p(z) = z + 1. Let u(l) = k(l) - 6*p(l). Suppose -f = -5*n - 6*f - 10, 2*n + 10 = 4*f. Give u(n).
4
Let i(g) = -g**3 + 5*g**2 + 5*g. Suppose -3*l = -4*q - l + 130, -4*q = -l - 131. Suppose 5*s + 3 - q = 0. Determine i(s).
-6
Let i(m) = -8*m - 2. Suppose 6*c + 16 = 4. Calculate i(c).
14
Let u be -2 + -3*(-12)/(-9). Let d(o) = o**3 + 7*o**2 + 6*o - 7. Determine d(u).
-7
Suppose -15 = -2*k + 5*k. Let x(a) = a**3 + 6*a**2 + 5*a + 5. Let m be x(k). Suppose m*r + 5*f = 35, -r = 4*f + 1 - 17. Let q(s) = -s + 9. What is q(r)?
5
Let v(p) be the first derivative of -p**3/3 + 5*p**2/2 + 9. Calculate v(4).
4
Let r(l) = -5*l - 1. Let p(q) be the third derivative of 1/12*q**4 - 1/120*q**6 - 3*q**2 - 1/3*q**3 + 0*q - 1/30*q**5 + 0. Let d be p(-3). Give r(d).
-6
Let m(q) = -3*q**3 + 4*q**2 - 6*q + 2. Let p(f) = -7*f**3 + 8*f**2 - 13*f + 3. Let n(t) = -5*m(t) + 2*p(t). Determine n(3).
-1
Suppose 28 = 4*p - 0*p. Let w(t) = p - 3*t + t + 0*t. Give w(5).
-3
Suppose -3 = -k - 2*k + 4*y, 0 = -3*k - 3*y + 24. Let s(g) = g**2 - 7*g + 4. Give s(k).
-6
Suppose 5*y - 20 = 5. Let f(t) = t - 8. What is f(y)?
-3
Suppose -3*z = 4*h - 18 - 5, -1 = 2*h - z. Let c(q) = 2 + 2*q - 4 + q**3 + 2*q**2 - 3*q. Give c(h).
12
Let y(d) be the first derivative of 5*d**3/3 + d**2 - d + 2. Determine y(1).
6
Let d be (-1 + 1 + -1)*-5. Suppose -2*i = 8, -32 = -3*k - d*i - 4. Suppose -4*f - k = 